9, 4349
List the prime factors of 574327778.
2, 9649, 29761
What are the prime factors of 247959150?
2, 3, 5, 1653061
What are the prime factors of 116463558?
2, 3, 997, 19469
What are the prime factors of 2535244951?
947, 2677133
List the prime factors of 395264903.
11, 35933173
What are the prime factors of 1100630509?
11, 113, 439, 2017
What are the prime factors of 141091037?
141091037
List the prime factors of 68923138.
2, 34461569
List the prime factors of 3254932956.
2, 3, 11, 2053, 12011
What are the prime factors of 437095039?
437095039
List the prime factors of 341275996.
2, 269, 317171
What are the prime factors of 1453377466?
2, 726688733
List the prime factors of 573496970.
2, 5, 631, 90887
List the prime factors of 212471416.
2, 26558927
List the prime factors of 545303025.
3, 5, 2423569
What are the prime factors of 267129547?
101, 2644847
List the prime factors of 187287580.
2, 5, 563, 16633
What are the prime factors of 617572671?
3, 205857557
List the prime factors of 3112939273.
263, 11836271
What are the prime factors of 99826959?
3, 33275653
What are the prime factors of 908131170?
2, 3, 5, 30271039
List the prime factors of 1370173463.
17, 313, 257503
What are the prime factors of 875213027?
13, 67, 107, 9391
List the prime factors of 43796084.
2, 167, 65563
What are the prime factors of 271333357?
19, 131, 109013
What are the prime factors of 597903344?
2, 97, 191, 2017
List the prime factors of 18758888.
2, 17, 137933
List the prime factors of 408980860.
2, 5, 53, 385831
What are the prime factors of 1397137?
7, 28513
List the prime factors of 31195905.
3, 5, 13, 159979
What are the prime factors of 1332503927?
829, 1117, 1439
List the prime factors of 789965443.
67, 11790529
What are the prime factors of 40350914?
2, 53, 101, 3769
What are the prime factors of 404314633?
47, 8602439
List the prime factors of 195670163.
13, 29, 41, 12659
List the prime factors of 233877167.
2543, 91969
List the prime factors of 1016796507.
3, 338932169
What are the prime factors of 108305775?
3, 5, 160453
What are the prime factors of 77651911?
2311, 33601
List the prime factors of 4074603557.
33391, 122027
List the prime factors of 2375765399.
7, 239, 1420063
List the prime factors of 484799401.
59, 8216939
What are the prime factors of 265319433?
3, 29479937
What are the prime factors of 27981711?
3, 17, 182887
What are the prime factors of 435678102?
2, 3, 298819
List the prime factors of 138079970.
2, 5, 7, 1972571
What are the prime factors of 760624314?
2, 3, 126770719
What are the prime factors of 644872646?
2, 11, 2664763
List the prime factors of 2241753725.
5, 167, 536947
What are the prime factors of 2097813081?
3, 7, 13, 67, 114691
What are the prime factors of 1704812684?
2, 426203171
List the prime factors of 114518250.
2, 3, 5, 7, 11, 661
List the prime factors of 689040270.
2, 3, 5, 37, 83, 277
What are the prime factors of 2985136769?
21961, 135929
What are the prime factors of 41463656?
2, 13, 229, 1741
What are the prime factors of 542900169?
3, 7, 919, 9377
What are the prime factors of 314717257?
23, 2843, 4813
What are the prime factors of 127140056?
2, 509, 31223
List the prime factors of 1045388922.
2, 3, 17, 10248911
List the prime factors of 4050077284.
2, 11, 809, 113779
List the prime factors of 98986982.
2, 47, 227, 4639
List the prime factors of 1000116950.
2, 5, 7, 408211
What are the prime factors of 94727656?
2, 1013, 11689
List the prime factors of 35174155.
5, 83, 131, 647
List the prime factors of 1984424240.
2, 5, 2297, 10799
List the prime factors of 34459356.
2, 3, 2871613
What are the prime factors of 1440570969?
3, 29, 5519429
List the prime factors of 46161494.
2, 17, 233, 5827
List the prime factors of 401431045.
5, 80286209
List the prime factors of 6667956689.
29, 229929541
What are the prime factors of 132426956?
2, 2713, 12203
What are the prime factors of 187464836?
2, 13, 3605093
What are the prime factors of 2551529651?
11, 223, 1040167
List the prime factors of 7447929871.
19, 47, 61, 136727
List the prime factors of 1863161481.
3, 71, 569, 15373
What are the prime factors of 81240000?
2, 3, 5, 677
What are the prime factors of 1357279328?
2, 42414979
What are the prime factors of 1037995343?
7, 11, 199, 67741
What are the prime factors of 691429005?
3, 5, 853, 18013
What are the prime factors of 5610467566?
2, 11, 137, 1861469
What are the prime factors of 24026965?
5, 4805393
What are the prime factors of 593666236?
2, 148416559
What are the prime factors of 193669119?
3, 7, 43, 1459
List the prime factors of 148499554.
2, 7, 19, 43, 12983
What are the prime factors of 576515922?
2, 3, 5179, 18553
List the prime factors of 76922964.
2, 3, 29, 73681
What are the prime factors of 735758395?
5, 223, 659873
List the prime factors of 28049143.
28049143
List the prime factors of 68706511.
68706511
List the prime factors of 1829008097.
7, 503, 519457
What are the prime factors of 365107347?
3, 11, 71, 127, 409
What are the prime factors of 1907822708?
2, 11, 31, 499, 2803
What are the prime factors of 428529448?
2, 113, 474037
List the prime factors of 58710582.
2, 3, 7, 23, 2251
List the prime factors of 64405769.
97, 663977
List the prime factors of 209825415.
3, 5, 1579, 2953
List the prime factors of 44372612.
2, 23, 73, 6607
What are the prime factors of 1571919400?
2, 5, 19, 569, 727
What are the prime factors of 34218998?
2, 11, 1555409
What are the prime factors of 20606221?
73, 439, 643
What are the prime factors of 4425350?
2, 5, 67, 1321
What are the prime factors of 283252334?
2, 17, 2251, 3701
List the prime factors of 931195228.
2, 232798807
List the prime factors of 72249859.
11, 487, 13487
List the prime factors of 3222658565.
5, 7, 92075959
What are the prime factors of 370712414?
2, 107, 1732301
List the prime factors of 19679600.
2, 5, 49199
What are the prime factors of 76204135?
5, 7, 1087, 2003
List the prime factors of 337659153.
3, 13, 8657927
What are the prime factors of 68920322?
2, 73, 472057
What are the prime factors of 86048037?
3, 23, 415691
What are the prime factors of 26189208?
2, 3, 53, 6863
List the prime factors of 79777454.
2, 293, 136139
List the prime factors of 77620325.
5, 3104813
List the prime factors of 8439602222.
2, 4219801111
What are the prime factors of 90545730?
2, 3, 5, 11, 31, 53, 167
What are the prime factors of 365182874?
2, 7, 26084491
List the prime factors of 39892691.
31, 43, 29927
What are the prime factors of 31765555?
5, 6353111
What are the prime factors of 194018066?
2, 11, 8819003
What are the prime factors of 4649330?
2, 5, 7, 17, 3907
What are the prime factors of 3644169847?
19, 191798413
List the prime factors of 7451860650.
2, 3, 5, 13, 61, 79
What are the prime factors of 1340559599?
17, 331, 238237
List the prime factors of 161817503.
281, 575863
What are the prime factors of 353659406?
2, 937, 188719
What are the prime factors of 36871135?
5, 7, 1053461
What are the prime factors of 27557158?
2, 13778579
List the prime factors of 2599417734.
2, 3, 1723, 251443
List the prime factors of 373293732.
2, 3, 7, 4443973
List the prime factors of 2534168896.
2, 7, 593, 9539
What are the prime factors of 757184454?
2, 3, 13, 17, 131, 1453
List the prime factors of 284139304.
2, 31, 1145723
What are the prime factors of 367530657?
3, 13, 37, 254699
What are the prime factors of 53479519?
151, 354169
What are the prime factors of 8458471688?
2, 32099, 32939
List the prime factors of 3147461090.
2, 5, 17, 18514477
List the prime factors of 114057611.
114057611
List the prime factors of 3524151.
3, 17, 43, 1607
List the prime factors of 1604612407.
647, 2480081
List the prime factors of 1469627752.
2, 281, 653749
List the prime factors of 103334422.
2, 51667211
What are the prime factors of 3717036?
2, 3, 127, 271
List the prime factors of 399360010.
2, 5, 7, 79, 257, 281
List the prime factors of 3616492595.
5, 10723, 67453
What are the prime factors of 4516672218?
2, 3, 16607, 45329
List the prime factors of 210777845.
5, 47, 896927
List the prime factors of 375558266.
2, 743, 252731
List the prime factors of 261521945.
5, 61, 563, 1523
What are the prime factors of 5314047230?
2, 5, 1123, 473201
What are the prime factors 